{"id":5340,"date":"2022-07-17T22:10:46","date_gmt":"2022-07-17T20:10:46","guid":{"rendered":"https:\/\/www.crpsisak.hr\/?page_id=5340"},"modified":"2022-11-15T21:33:16","modified_gmt":"2022-11-15T19:33:16","slug":"suradnja-s-kali-sarom","status":"publish","type":"page","link":"https:\/\/www.crpsisak.hr\/en\/cooperation\/suradnja-s-kali-sarom\/","title":{"rendered":"Cooperation with KALI SARA"},"content":{"rendered":"<p style=\"font-weight: 400;\">27.lipnja 2022.godine PGP Sisak i&nbsp;Savez Roma u Republici Hrvatskoj \u201eKali Sara\u201c potpisali su Sporazum o suradnji. Savez Roma u Republici Hrvatskoj \u201eKali Sara\u201c nevladina je organizacija romske zajednice u Hrvatskoj, osnovana 2007.g. u Zagrebu, a kao nastavak tradicije Udruge za promicanje obrazovanja Roma u Republici Hrvatskoj \u201eKali Sara\u201c.<\/p>\n<p style=\"font-weight: 400;\">Sporazumne strane izra\u017eavaju spremnost za suradnju na promicanju i za\u0161titi ljudskih prava kroz pru\u017eanje besplatne pravne pomo\u0107i pripadnicima romske nacionalne manjine na podru\u010dju grada Zagreba, a i \u010ditave Republike Hrvatske. Cilj sklapanja sporazuma je pru\u017eanje besplatne pravne pomo\u0107i najranjivijim skupinama romske populacije, a prvenstveno radi rje\u0161avanja statusnih pitanja pripadnika RNM u Republici Hrvatskoj (reguliranje boravka, dr\u017eavljanstva) te rad na promociji i za\u0161titi gra\u0111anskih i ljudskih prava pripadnika nacionalnih manjina te na\u0161ih gra\u0111ana op\u0107enito.<\/p>\n<p><a href=\"https:\/\/www.crpsisak.hr\/wp-content\/uploads\/2022\/07\/Kali-Sara-foto-2.jpg\"><img decoding=\"async\" class=\"aligncenter size-medium wp-image-5341\" src=\"https:\/\/www.crpsisak.hr\/wp-content\/uploads\/2022\/07\/Kali-Sara-foto-2-135x300.jpg\" alt=\"\" width=\"135\" height=\"300\"><\/a> <a href=\"https:\/\/www.crpsisak.hr\/wp-content\/uploads\/2022\/07\/Kali-Sara-foto.jpg\"><img decoding=\"async\" class=\"aligncenter size-medium wp-image-5342\" src=\"https:\/\/www.crpsisak.hr\/wp-content\/uploads\/2022\/07\/Kali-Sara-foto-135x300.jpg\" alt=\"\" width=\"135\" height=\"300\"><\/a><\/p>\n\n    <div class=\"xs_social_share_widget xs_share_url after_content \t\tmain_content  wslu-style-1 wslu-share-box-shaped wslu-fill-colored wslu-none wslu-share-horizontal wslu-theme-font-no wslu-main_content\">\n\n\t\t\n        <ul>\n\t\t\t        <\/ul>\n    <\/div> \n","protected":false},"excerpt":{"rendered":"<p>27.lipnja 2022.godine PGP Sisak i&nbsp;Savez Roma u Republici Hrvatskoj \u201eKali Sara\u201c potpisali su Sporazum o suradnji. Savez Roma u Republici Hrvatskoj \u201eKali Sara\u201c nevladina je organizacija romske zajednice u Hrvatskoj, osnovana 2007.g. u Zagrebu, a &hellip;<\/p>\n","protected":false},"author":1,"featured_media":5341,"parent":11,"menu_order":74,"comment_status":"closed","ping_status":"closed","template":"","meta":{"ngg_post_thumbnail":0,"footnotes":"","_links_to":"","_links_to_target":""},"class_list":["post-5340","page","type-page","status-publish","has-post-thumbnail","hentry"],"aioseo_notices":[],"_links":{"self":[{"href":"https:\/\/www.crpsisak.hr\/en\/wp-json\/wp\/v2\/pages\/5340","targetHints":{"allow":["GET"]}}],"collection":[{"href":"https:\/\/www.crpsisak.hr\/en\/wp-json\/wp\/v2\/pages"}],"about":[{"href":"https:\/\/www.crpsisak.hr\/en\/wp-json\/wp\/v2\/types\/page"}],"author":[{"embeddable":true,"href":"https:\/\/www.crpsisak.hr\/en\/wp-json\/wp\/v2\/users\/1"}],"replies":[{"embeddable":true,"href":"https:\/\/www.crpsisak.hr\/en\/wp-json\/wp\/v2\/comments?post=5340"}],"version-history":[{"count":2,"href":"https:\/\/www.crpsisak.hr\/en\/wp-json\/wp\/v2\/pages\/5340\/revisions"}],"predecessor-version":[{"id":6347,"href":"https:\/\/www.crpsisak.hr\/en\/wp-json\/wp\/v2\/pages\/5340\/revisions\/6347"}],"up":[{"embeddable":true,"href":"https:\/\/www.crpsisak.hr\/en\/wp-json\/wp\/v2\/pages\/11"}],"wp:featuredmedia":[{"embeddable":true,"href":"https:\/\/www.crpsisak.hr\/en\/wp-json\/wp\/v2\/media\/5341"}],"wp:attachment":[{"href":"https:\/\/www.crpsisak.hr\/en\/wp-json\/wp\/v2\/media?parent=5340"}],"curies":[{"name":"wp","href":"https:\/\/api.w.org\/{rel}","templated":true}]}}

<p style="font-weight: 400;">27.lipnja 2022.godine PGP Sisak i&nbsp;Savez Roma u Republici Hrvatskoj „Kali Sara“ potpisali su Sporazum o suradnji. Savez Roma u Republici Hrvatskoj „Kali Sara“ nevladina je organizacija romske zajednice u Hrvatskoj, osnovana 2007.g. u Zagrebu, a kao nastavak tradicije Udruge za promicanje obrazovanja Roma u Republici Hrvatskoj „Kali Sara“.</p>
<p style="font-weight: 400;">Sporazumne strane izražavaju spremnost za suradnju na promicanju i zaštiti ljudskih prava kroz pružanje besplatne pravne pomoći pripadnicima romske nacionalne manjine na području grada Zagreba, a i čitave Republike Hrvatske. Cilj sklapanja sporazuma je pružanje besplatne pravne pomoći najranjivijim skupinama romske populacije, a prvenstveno radi rješavanja statusnih pitanja pripadnika RNM u Republici Hrvatskoj (reguliranje boravka, državljanstva) te rad na promociji i zaštiti građanskih i ljudskih prava pripadnika nacionalnih manjina te naših građana općenito.</p>
<p><a href="https://www.crpsisak.hr/wp-content/uploads/2022/07/Kali-Sara-foto-2.jpg"><img decoding="async" class="aligncenter size-medium wp-image-5341" src="https://www.crpsisak.hr/wp-content/uploads/2022/07/Kali-Sara-foto-2-135x300.jpg" alt="" width="135" height="300"></a> <a href="https://www.crpsisak.hr/wp-content/uploads/2022/07/Kali-Sara-foto.jpg"><img decoding="async" class="aligncenter size-medium wp-image-5342" src="https://www.crpsisak.hr/wp-content/uploads/2022/07/Kali-Sara-foto-135x300.jpg" alt="" width="135" height="300"></a></p>

    <div class="xs_social_share_widget xs_share_url after_content 		main_content  wslu-style-1 wslu-share-box-shaped wslu-fill-colored wslu-none wslu-share-horizontal wslu-theme-font-no wslu-main_content">

		
        <ul>
			        </ul>
    </div>
